 f**2 - f + 1. What is z(1)?
29
Let d(x) = 3*x**2 + 7*x + 24. Calculate d(-6).
90
Let h(x) = -2*x + 16. What is h(7)?
2
Let p(f) = 4*f - 126. Give p(28).
-14
Let g(f) = f**2 + 11*f + 9. What is g(-10)?
-1
Let m(h) = -h**3 + 4*h**2 + 12*h + 7. Give m(7).
-56
Let d(h) = h**2 - 11*h - 16. Calculate d(12).
-4
Let s(r) = r**3 + 8*r**2 - 10*r + 12. Calculate s(-9).
21
Let x(b) = -b**3 - 10*b**2 + 2*b + 25. Give x(-10).
5
Let f(o) = 16*o + 1. Calculate f(1).
17
Let s(p) = 21*p - 125. Determine s(6).
1
Let r(d) = -3*d**2 - 8*d + 11. Determine r(2).
-17
Let b(d) = d**3 - d + 2. Give b(0).
2
Let s(x) = 2*x**3 - 22*x**2 - x. Determine s(11).
-11
Let x(w) = -45*w - 7. Determine x(-2).
83
Let y(g) = g**3 - 8*g**2 + 3*g + 12. Give y(5).
-48
Let l(o) = -o**3 + 20*o**2 - o + 17. Give l(20).
-3
Let i(w) = 2*w + 1. What is i(-1)?
-1
Let g(q) = -q**3 + 5*q**2 + 11*q + 13. Calculate g(7).
-8
Let a(t) = -t**2 + 15*t + 15. Give a(16).
-1
Let c(y) = -3*y**2 + 45*y - 133. Determine c(11).
-1
Let s(t) = t - 9. What is s(6)?
-3
Let g(f) = 4*f + 18. Give g(-6).
-6
Let v(w) = -54*w + 1. Calculate v(1).
-53
Let d(n) = -n**2 + 12*n - 9. Give d(11).
2
Let r(i) = i**2 + 2*i + 41. Give r(0).
41
Let c(z) = -3*z**3 + 3*z**2 + 1. Determine c(3).
-53
Let p(z) = 4*z**2 + 24*z - 5. Calculate p(-6).
-5
Let i(j) = 10*j**3 - 2*j**2 + 2*j. Determine i(1).
10
Let v(k) = -k**3 - 3*k**2 + 5*k - 5. Calculate v(-4).
-9
Let r(x) = x**3 - 4*x**2 + 4*x - 2. Calculate r(4).
14
Let q(a) = -2*a**2 + a + 2. Give q(3).
-13
Let v(b) = -b**2 + 10*b - 8. Calculate v(6).
16
Let u(x) = 2*x**3 - 15*x**2 + 7*x + 12. Give u(7).
12
Let c(o) = -o**3 - 3*o**2 + 22*o + 52. Determine c(-5).
-8
Let q(x) = -4*x - 54. Calculate q(0).
-54
Let m(c) = -2*c - 4. Determine m(-1).
-2
Let x(s) = -s**3 - 29*s**2 - 31*s - 87. Determine x(-28).
-3
Let i(u) = u**2 + 16*u + 67. Calculate i(-8).
3
Let x(z) = 8*z**2 - 5*z + 3. Give x(3).
60
Let y(r) = r**3 - 17*r**2 - 3*r + 28. Determine y(17).
-23
Let j(o) = -o**3 + 18*o**2 - o + 22. What is j(18)?
4
Let i(a) = 15*a - 13. Give i(1).
2
Let x(n) = n**2 + 18*n - 9. Determine x(-5).
-74
Let h(m) = m**2 - 5*m - 1. Determine h(6).
5
Let o(a) = -2*a - 8. Determine o(23).
-54
Let l(c) = -c**2 + 7*c + 9. Determine l(8).
1
Let l(b) = b**2 - 22*b + 85. Calculate l(16).
-11
Let d(r) = r**2 + 11*r + 30. Give d(-4).
2
Let a(v) = v + 3. Determine a(-10).
-7
Let g(k) = -k**3 + 6*k**2 - 7*k + 2. Give g(3).
8
Let n(g) = -2*g - 67. Give n(-39).
11
Let i(z) = 16*z - 3. Determine i(2).
29
Let s(m) = -m**3 + 10*m**2 - 4*m + 15. What is s(10)?
-25
Let s(o) = 4*o**2 - 10*o - 1. Give s(2).
-5
Let d(l) = -l**3 + 4*l**2 - 5*l + 2. Give d(2).
0
Let o(k) = -3*k**2 - k. What is o(1)?
-4
Let w(a) = 12*a**3 + 5*a. What is w(-2)?
-106
Let o(b) = b**3 - 10*b**2 + 7*b + 26. Give o(9).
8
Let l(x) = -x**3 - 10*x**2 - 11*x - 4. Determine l(-7).
-74
Let x(y) = 18*y + 11. Give x(-2).
-25
Let u(o) = o - 18. What is u(-11)?
-29
Let l(d) = -d + 3. What is l(-2)?
5
Let w(i) = i**3 - 21*i**2 + 22*i - 44. Calculate w(20).
-4
Let h(z) = z**3 + 5*z**2 - 7*z + 2. Give h(-6).
8
Let s(b) = 3*b**2 - 10*b + 3. Determine s(3).
0
Let y(s) = s**3 + 8*s**2 + s + 1. Determine y(-8).
-7
Let c(g) = -g**3 - 8*g**2 + 9*g - 4. Give c(-9).
-4
Let j(d) = 15*d**2 + 44*d + 3. Give j(-3).
6
Let c(t) = 4*t**2 - 7*t + 7. Calculate c(1).
4
Let d(u) = -2*u**3 - 46*u**2 + 47*u - 21. Give d(-24).
3
Let v(s) = -s**3 + 7*s**2 - 21*s + 11. Give v(4).
-25
Let q(c) = -4*c - 34. Determine q(-7).
-6
Let k(t) = -t**2 - 17*t - 21. What is k(-17)?
-21
Let i(t) = 3*t**2 + 50*t + 37. Calculate i(-16).
5
Let i(r) = r**3 - 6*r**2 + 10*r - 10. Determine i(6).
50
Let r(c) = -c + 4. Determine r(5).
-1
Let a(w) = -w**2 - 12*w + 1. What is a(-12)?
1
Let h(s) = -s**2 + 14*s - 28. Calculate h(12).
-4
Let s(q) = q**2 - 8*q - 73. Calculate s(14).
11
Let y(p) = 2*p**2 + 10*p + 23. Determine y(-7).
51
Let y(c) = 4*c + 154. What is y(-39)?
-2
Let i(s) = 2*s**3 - 26*s**2 - 30*s + 26. Give i(14).
-2
Let n(c) = -c**3 + 2*c**2 - 2. Give n(3).
-11
Let w(k) = k + 21. Determine w(-14).
7
Let n(p) = p**2 - 15*p + 3. Give n(17).
37
Let h(o) = -o**3 - 6*o**2 - 5*o + 3. Give h(-5).
3
Let q(j) = -j + 2. Calculate q(-9).
11
Let i(l) = -2*l + 12. Calculate i(3).
6
Let a(j) = j**2 + 7*j - 5. What is a(-7)?
-5
Let z(l) = l + 5. What is z(-9)?
-4
Let n(q) = 3*q - 28. What is n(9)?
-1
Let m(z) = z**2 - 10*z + 25. What is m(6)?
1
Let q(r) = r**2 + 16*r + 25. What is q(-12)?
-23
Let t(w) = -w**3 - w**2 - w - 23. Determine t(0).
-23
Let k(o) = o - 5. Calculate k(7).
2
Let d(z) = 2*z**3 + 75*z**2 + 36*z - 61. Calculate d(-37).
-24
Let b(w) = -12*w**2 + 3*w + 1. Determine b(-2).
-53
Let s(f) = f**2 + 21*f + 30. Calculate s(-20).
10
Let y(l) = 4*l + 88. Give y(-24).
-8
Let v(g) = g**2 - 10*g - 8. What is v(10)?
-8
Let n(m) = 6*m - 1. What is n(6)?
35
Let k(r) = -3*r**3 + 2*r**2 + 3*r + 6. Calculate k(-3).
96
Let q(p) = -11*p**2 - 101*p - 13. What is q(-9)?
5
Let s(u) = -2*u**2 - 21*u + 19. Determine s(-10).
29
Let k(a) = 5*a - 14. Calculate k(5).
11
Let w(z) = z**2 - 14*z - 12. Determine w(15).
3
Let c(w) = -w**2 + 6*w - 3. Give c(5).
2
Let j(g) = -g**2 + 23*g + 54. Determine j(25).
4
Let g(x) = x**3 - 2*x**2 - x - 1. Determine g(2).
-3
Let w(v) = v - 7. Calculate w(5).
-2
Let c(f) = f**2 + f - 2. Calculate c(1).
0
Let m(q) = q**3 - 22*q**2 - 77*q + 51. What is m(25)?
1
Let t(q) = -q + 3. Calculate t(-5).
8
Let k(r) = r**2 - 2*r - 29. Calculate k(-4).
-5
Let w(p) = -p**3 - 20*p**2 + 19*p - 20. Calculate w(-21).
22
Let x(f) = 2*f + 34. Determine x(-19).
-4
Let b(h) = h**3 + 18*h**2 + 12*h - 1. Give b(-17).
84
Let n(l) = -l**2 + 10*l - 17. What is n(4)?
7
Let u(g) = -g**3 + 19*g**2 + 19*g + 27. Calculate u(20).
7
Let x(a) = -a**2 + 13*a + 13. What is x(14)?
-1
Let w(q) = 23*q - 156. What is w(7)?
5
Let f(y) = y**3 - 15*y**2 - 3*y + 53. Calculate f(15).
8
Let m(w) = w**3 - 9*w**2 - 2*w + 1. What is m(9)?
-17
Let j(s) = -5*s - 199. Give j(-38).
-9
Let g(w) = 3*w**3 + 51*w**2 + 2*w + 33. Give g(-17).
-1
Let i(o) = -37*o**2 + o + 3. What is i(-1)?
-35
Let u(f) = 2*f + 29. Determine u(12).
53
Let x(h) = -h**2 + 31*h + 19. Give x(33).
-47
Let g(b) = -b**2 + 9*b + 56. Give g(11).
34
Let a(w) = 4*w + 1. Determine a(9).
37
Let p(d) = -2*d**2 + 31*d + 47. What is p(17)?
-4
Let l(f) = 5*f + 27. Determine l(-3).
12
Let c(v) = -3*v - 85. What is c(-16)?
-37
Let i(m) = -4*m**2 - 2*m. Calculate i(1).
-6
Let r(o) = -3*o**2 + o. What is r(1)?
-2
Let g(o) = 2*o**2 - 30. Calculate g(-5).
20
Let m(s) = -7*s**2 - 11*s. Give m(-2).
-6
Let p(q) = q**3 - 7*q - 8. Calculate p(0).
-8
Let d(w) = 3*w + 51. Give d(0).
51
Let j(w) = -2*w**2 - 74*w + 96. What is j(-38)?
20
Let o(u) = 53*u - 103. Calculate o(2).
3
Let x(j) = -23*j. What is x(1)?
-23
Let t(c) = -c**2 - 13*c - 13. What is t(-10)?
17
Let l(c) = 27*c + 130. What is l(-5)?
-5
Let s(m) = m**3 + 6*m**2 + 2*m + 9. Give s(-6).
-3
Let c(s) = -s**3 + 17*s**2 + 22*s - 73. Give c(18).
-1
Let a(h) = 8*h - 60. Calculate a(12).
36
Let y(q) = q - 5. What is y(11)?
6
Let m(n) = -n**3 - 9*n**2 + 2*n - 4. Give m(-9).
-22
Let s(x) = 10*x - 8. Determine s(2).
12
Let t(o) = -o**3 + 7*o**2 - 6*o - 8. Determine t(6).
-8
Let q(b) = 3*b - 25. Give q(12).
11
Let p(h) = h**2 + 17*h + 14. Calculate p(-15).
-16
Let m(v) = -v**3 - 5*v**2 - v - 5. Give m(-5).
0
Let w(l) = -l**3 + 38*l**2 + 33*l + 236. What is w(39)?
2
Let q(g) = 22*g + 1. Give q(1).
23
Let c(s) = s**2 - 6*s + 15. What is c(6)?
15
Let r(k) = 5*k**2 - 1. What is r(1)?
4
Let y(v) = -v - 17. What is y(-10)?
-7
Let a(g) = -g**3 - 22*g**2 - 19*g + 25. Determine a(-21).
-17
Let g(l) = l**3 + 7*l**2 + 7*l - 3. Calculate g(-6).
-9
Let n(i) = -43*i**2 - 1. Give n(-1).
-44
Let h(m) = -m**3 + m**2 - m - 4. Calculate h(3).
-25
Let b(y) = 2*y**2 - 4*y. Calculate b(3).
6
Let v(y) = 3*y**3 - y**2 + y. Calculate v(1).
3
Let r(a) = 2*a**3 - a**2 + a + 2. Give r(-2).
-20
Let x(j) = -2*j**2 - 18*j - 10. Determine x(-8).
6
Let s(l) = l**3 - 11*l**2 + l - 2. What is s(11)?
9
Let r(v) = v**3 - 6*v**2 - v - 16. What is r(7)?
26
Let f(a) = -a**2 + 15*a - 13. Calculate f(14).
1
Let j(s) = 3*s**2 - 30*s + 13. What is j(9)?
-14
Let d(a) = a**2 + 10*a - 17. Calculate d(-9).
-26
Let w(u) = 3*u**2 - 71*u - 105. Calculate w(25).
-5
Let j(p) = -9*p - 13. Wha